{"id":25,"date":"2016-11-07T20:48:46","date_gmt":"2016-11-07T20:48:46","guid":{"rendered":"http:\/\/obstgut-bonhausen.de\/?page_id=25"},"modified":"2021-02-05T21:25:50","modified_gmt":"2021-02-05T21:25:50","slug":"bio-obstgut-bonhausen","status":"publish","type":"page","link":"https:\/\/www.obstgut-bonhausen.de\/?page_id=25","title":{"rendered":"Bio-Obstgut Bonhausen"},"content":{"rendered":"<p>[vc_row][vc_column width=&#8220;1\/2&#8243;][vc_custom_heading text=&#8220;Ein Bio-Obstgut im sch\u00f6nen Bonhausen&#8220; font_container=&#8220;tag:h1|text_align:right&#8220; use_theme_fonts=&#8220;yes&#8220; css=&#8220;.vc_custom_1491332021354{padding-bottom: 80px !important;padding-left: 100px !important;}&#8220;]<div class=\"dt-photos-shortcode slider-wrapper shortcode-instagram dt-gallery-container arrows-accent enable-mobile-arrows\" data-padding-side=\"20\" data-autoslide=\"true\" data-delay=\"5000\" data-loop=\"true\"><div class=\"frame fullwidth-slider\"><ul class=\"clearfix\"><li class=\"fs-entry\">\n<article class=\"post post-523 attachment type-attachment status-inherit hentry no-img description-off\">\n\n\t<figure class=\"rollover-project links-hovers-disabled\">\n\t<a href=\"https:\/\/www.obstgut-bonhausen.de\/wp-content\/uploads\/2016\/11\/apfelansicht.jpg\" class=\"rollover rollover-zoom dt-mfp-item mfp-image layzr-bg\" title=\"apfelansicht\" data-dt-img-description=\"\" ><img class=\"lazy-load preload-me\" src=\"data:image\/svg+xml;charset=utf-8,%3Csvg xmlns%3D'http%3A%2F%2Fwww.w3.org%2F2000%2Fsvg' viewBox%3D'0 0 540 342'%2F%3E\" data-src=\"https:\/\/www.obstgut-bonhausen.de\/wp-content\/uploads\/2016\/11\/apfelansicht-540x342.jpg\" data-srcset=\"https:\/\/www.obstgut-bonhausen.de\/wp-content\/uploads\/2016\/11\/apfelansicht-540x342.jpg 540w, https:\/\/www.obstgut-bonhausen.de\/wp-content\/uploads\/2016\/11\/apfelansicht-813x514.jpg 813w\" alt=\"\" width=\"540\" height=\"342\"  \/><\/a>\t<\/figure>\n<\/article>\n\n<\/li><li class=\"fs-entry\">\n<article class=\"post post-524 attachment type-attachment status-inherit hentry no-img description-off\">\n\n\t<figure class=\"rollover-project links-hovers-disabled\">\n\t<a href=\"https:\/\/www.obstgut-bonhausen.de\/wp-content\/uploads\/2016\/11\/baueme.jpg\" class=\"rollover rollover-zoom dt-mfp-item mfp-image layzr-bg\" title=\"baueme\" data-dt-img-description=\"\" ><img class=\"lazy-load preload-me\" src=\"data:image\/svg+xml;charset=utf-8,%3Csvg xmlns%3D'http%3A%2F%2Fwww.w3.org%2F2000%2Fsvg' viewBox%3D'0 0 540 342'%2F%3E\" data-src=\"https:\/\/www.obstgut-bonhausen.de\/wp-content\/uploads\/2016\/11\/baueme-540x342.jpg\" data-srcset=\"https:\/\/www.obstgut-bonhausen.de\/wp-content\/uploads\/2016\/11\/baueme-540x342.jpg 540w, https:\/\/www.obstgut-bonhausen.de\/wp-content\/uploads\/2016\/11\/baueme-813x514.jpg 813w\" alt=\"\" width=\"540\" height=\"342\"  \/><\/a>\t<\/figure>\n<\/article>\n\n<\/li><li class=\"fs-entry\">\n<article class=\"post post-525 attachment type-attachment status-inherit hentry no-img description-off\">\n\n\t<figure class=\"rollover-project links-hovers-disabled\">\n\t<a href=\"https:\/\/www.obstgut-bonhausen.de\/wp-content\/uploads\/2016\/11\/blauestunde.jpg\" class=\"rollover rollover-zoom dt-mfp-item mfp-image layzr-bg\" title=\"blauestunde\" data-dt-img-description=\"\" ><img class=\"lazy-load preload-me\" src=\"data:image\/svg+xml;charset=utf-8,%3Csvg xmlns%3D'http%3A%2F%2Fwww.w3.org%2F2000%2Fsvg' viewBox%3D'0 0 540 342'%2F%3E\" data-src=\"https:\/\/www.obstgut-bonhausen.de\/wp-content\/uploads\/2016\/11\/blauestunde-540x342.jpg\" data-srcset=\"https:\/\/www.obstgut-bonhausen.de\/wp-content\/uploads\/2016\/11\/blauestunde-540x342.jpg 540w, https:\/\/www.obstgut-bonhausen.de\/wp-content\/uploads\/2016\/11\/blauestunde-813x514.jpg 813w\" alt=\"\" width=\"540\" height=\"342\"  \/><\/a>\t<\/figure>\n<\/article>\n\n<\/li><li class=\"fs-entry\">\n<article class=\"post post-526 attachment type-attachment status-inherit hentry no-img description-off\">\n\n\t<figure class=\"rollover-project links-hovers-disabled\">\n\t<a href=\"https:\/\/www.obstgut-bonhausen.de\/wp-content\/uploads\/2016\/11\/familie.jpg\" class=\"rollover rollover-zoom dt-mfp-item mfp-image layzr-bg\" title=\"familie\" data-dt-img-description=\"\" ><img class=\"lazy-load preload-me\" src=\"data:image\/svg+xml;charset=utf-8,%3Csvg xmlns%3D'http%3A%2F%2Fwww.w3.org%2F2000%2Fsvg' viewBox%3D'0 0 540 342'%2F%3E\" data-src=\"https:\/\/www.obstgut-bonhausen.de\/wp-content\/uploads\/2016\/11\/familie-540x342.jpg\" data-srcset=\"https:\/\/www.obstgut-bonhausen.de\/wp-content\/uploads\/2016\/11\/familie-540x342.jpg 540w, https:\/\/www.obstgut-bonhausen.de\/wp-content\/uploads\/2016\/11\/familie-813x514.jpg 813w\" alt=\"\" width=\"540\" height=\"342\"  \/><\/a>\t<\/figure>\n<\/article>\n\n<\/li><li class=\"fs-entry\">\n<article class=\"post post-527 attachment type-attachment status-inherit hentry no-img description-off\">\n\n\t<figure class=\"rollover-project links-hovers-disabled\">\n\t<a href=\"https:\/\/www.obstgut-bonhausen.de\/wp-content\/uploads\/2016\/11\/gartenstimmung.jpg\" class=\"rollover rollover-zoom dt-mfp-item mfp-image layzr-bg\" title=\"gartenstimmung\" data-dt-img-description=\"\" ><img class=\"lazy-load preload-me\" src=\"data:image\/svg+xml;charset=utf-8,%3Csvg xmlns%3D'http%3A%2F%2Fwww.w3.org%2F2000%2Fsvg' viewBox%3D'0 0 540 342'%2F%3E\" data-src=\"https:\/\/www.obstgut-bonhausen.de\/wp-content\/uploads\/2016\/11\/gartenstimmung-540x342.jpg\" data-srcset=\"https:\/\/www.obstgut-bonhausen.de\/wp-content\/uploads\/2016\/11\/gartenstimmung-540x342.jpg 540w, https:\/\/www.obstgut-bonhausen.de\/wp-content\/uploads\/2016\/11\/gartenstimmung-813x514.jpg 813w\" alt=\"\" width=\"540\" height=\"342\"  \/><\/a>\t<\/figure>\n<\/article>\n\n<\/li><li class=\"fs-entry\">\n<article class=\"post post-528 attachment type-attachment status-inherit hentry no-img description-off\">\n\n\t<figure class=\"rollover-project links-hovers-disabled\">\n\t<a href=\"https:\/\/www.obstgut-bonhausen.de\/wp-content\/uploads\/2016\/11\/gedeck.jpg\" class=\"rollover rollover-zoom dt-mfp-item mfp-image layzr-bg\" title=\"gedeck\" data-dt-img-description=\"\" ><img class=\"lazy-load preload-me\" src=\"data:image\/svg+xml;charset=utf-8,%3Csvg xmlns%3D'http%3A%2F%2Fwww.w3.org%2F2000%2Fsvg' viewBox%3D'0 0 540 342'%2F%3E\" data-src=\"https:\/\/www.obstgut-bonhausen.de\/wp-content\/uploads\/2016\/11\/gedeck-540x342.jpg\" data-srcset=\"https:\/\/www.obstgut-bonhausen.de\/wp-content\/uploads\/2016\/11\/gedeck-540x342.jpg 540w, https:\/\/www.obstgut-bonhausen.de\/wp-content\/uploads\/2016\/11\/gedeck-813x514.jpg 813w\" alt=\"\" width=\"540\" height=\"342\"  \/><\/a>\t<\/figure>\n<\/article>\n\n<\/li><li class=\"fs-entry\">\n<article class=\"post post-529 attachment type-attachment status-inherit hentry no-img description-off\">\n\n\t<figure class=\"rollover-project links-hovers-disabled\">\n\t<a href=\"https:\/\/www.obstgut-bonhausen.de\/wp-content\/uploads\/2016\/11\/gut.jpg\" class=\"rollover rollover-zoom dt-mfp-item mfp-image layzr-bg\" title=\"gut\" data-dt-img-description=\"\" ><img class=\"lazy-load preload-me\" src=\"data:image\/svg+xml;charset=utf-8,%3Csvg xmlns%3D'http%3A%2F%2Fwww.w3.org%2F2000%2Fsvg' viewBox%3D'0 0 540 342'%2F%3E\" data-src=\"https:\/\/www.obstgut-bonhausen.de\/wp-content\/uploads\/2016\/11\/gut-540x342.jpg\" data-srcset=\"https:\/\/www.obstgut-bonhausen.de\/wp-content\/uploads\/2016\/11\/gut-540x342.jpg 540w, https:\/\/www.obstgut-bonhausen.de\/wp-content\/uploads\/2016\/11\/gut-813x514.jpg 813w\" alt=\"\" width=\"540\" height=\"342\"  \/><\/a>\t<\/figure>\n<\/article>\n\n<\/li><li class=\"fs-entry\">\n<article class=\"post post-530 attachment type-attachment status-inherit hentry no-img description-off\">\n\n\t<figure class=\"rollover-project links-hovers-disabled\">\n\t<a href=\"https:\/\/www.obstgut-bonhausen.de\/wp-content\/uploads\/2016\/11\/gut2.jpg\" class=\"rollover rollover-zoom dt-mfp-item mfp-image layzr-bg\" title=\"gut2\" data-dt-img-description=\"\" ><img class=\"lazy-load preload-me\" src=\"data:image\/svg+xml;charset=utf-8,%3Csvg xmlns%3D'http%3A%2F%2Fwww.w3.org%2F2000%2Fsvg' viewBox%3D'0 0 540 342'%2F%3E\" data-src=\"https:\/\/www.obstgut-bonhausen.de\/wp-content\/uploads\/2016\/11\/gut2-540x342.jpg\" data-srcset=\"https:\/\/www.obstgut-bonhausen.de\/wp-content\/uploads\/2016\/11\/gut2-540x342.jpg 540w, https:\/\/www.obstgut-bonhausen.de\/wp-content\/uploads\/2016\/11\/gut2-813x514.jpg 813w\" alt=\"\" width=\"540\" height=\"342\"  \/><\/a>\t<\/figure>\n<\/article>\n\n<\/li><li class=\"fs-entry\">\n<article class=\"post post-531 attachment type-attachment status-inherit hentry no-img description-off\">\n\n\t<figure class=\"rollover-project links-hovers-disabled\">\n\t<a href=\"https:\/\/www.obstgut-bonhausen.de\/wp-content\/uploads\/2016\/11\/haeuschen.jpg\" class=\"rollover rollover-zoom dt-mfp-item mfp-image layzr-bg\" title=\"haeuschen\" data-dt-img-description=\"\" ><img class=\"lazy-load preload-me\" src=\"data:image\/svg+xml;charset=utf-8,%3Csvg xmlns%3D'http%3A%2F%2Fwww.w3.org%2F2000%2Fsvg' viewBox%3D'0 0 540 342'%2F%3E\" data-src=\"https:\/\/www.obstgut-bonhausen.de\/wp-content\/uploads\/2016\/11\/haeuschen-540x342.jpg\" data-srcset=\"https:\/\/www.obstgut-bonhausen.de\/wp-content\/uploads\/2016\/11\/haeuschen-540x342.jpg 540w, https:\/\/www.obstgut-bonhausen.de\/wp-content\/uploads\/2016\/11\/haeuschen-813x514.jpg 813w\" alt=\"\" width=\"540\" height=\"342\"  \/><\/a>\t<\/figure>\n<\/article>\n\n<\/li><li class=\"fs-entry\">\n<article class=\"post post-532 attachment type-attachment status-inherit hentry no-img description-off\">\n\n\t<figure class=\"rollover-project links-hovers-disabled\">\n\t<a href=\"https:\/\/www.obstgut-bonhausen.de\/wp-content\/uploads\/2016\/11\/hofstimmung.jpg\" class=\"rollover rollover-zoom dt-mfp-item mfp-image layzr-bg\" title=\"hofstimmung\" data-dt-img-description=\"\" ><img class=\"lazy-load preload-me\" src=\"data:image\/svg+xml;charset=utf-8,%3Csvg xmlns%3D'http%3A%2F%2Fwww.w3.org%2F2000%2Fsvg' viewBox%3D'0 0 540 342'%2F%3E\" data-src=\"https:\/\/www.obstgut-bonhausen.de\/wp-content\/uploads\/2016\/11\/hofstimmung-540x342.jpg\" data-srcset=\"https:\/\/www.obstgut-bonhausen.de\/wp-content\/uploads\/2016\/11\/hofstimmung-540x342.jpg 540w, https:\/\/www.obstgut-bonhausen.de\/wp-content\/uploads\/2016\/11\/hofstimmung-813x514.jpg 813w\" alt=\"\" width=\"540\" height=\"342\"  \/><\/a>\t<\/figure>\n<\/article>\n\n<\/li><li class=\"fs-entry\">\n<article class=\"post post-533 attachment type-attachment status-inherit hentry no-img description-off\">\n\n\t<figure class=\"rollover-project links-hovers-disabled\">\n\t<a href=\"https:\/\/www.obstgut-bonhausen.de\/wp-content\/uploads\/2016\/11\/kinder.jpg\" class=\"rollover rollover-zoom dt-mfp-item mfp-image layzr-bg\" title=\"kinder\" data-dt-img-description=\"\" ><img class=\"lazy-load preload-me\" src=\"data:image\/svg+xml;charset=utf-8,%3Csvg xmlns%3D'http%3A%2F%2Fwww.w3.org%2F2000%2Fsvg' viewBox%3D'0 0 540 342'%2F%3E\" data-src=\"https:\/\/www.obstgut-bonhausen.de\/wp-content\/uploads\/2016\/11\/kinder-540x342.jpg\" data-srcset=\"https:\/\/www.obstgut-bonhausen.de\/wp-content\/uploads\/2016\/11\/kinder-540x342.jpg 540w, https:\/\/www.obstgut-bonhausen.de\/wp-content\/uploads\/2016\/11\/kinder-813x514.jpg 813w\" alt=\"\" width=\"540\" height=\"342\"  \/><\/a>\t<\/figure>\n<\/article>\n\n<\/li><li class=\"fs-entry\">\n<article class=\"post post-534 attachment type-attachment status-inherit hentry no-img description-off\">\n\n\t<figure class=\"rollover-project links-hovers-disabled\">\n\t<a href=\"https:\/\/www.obstgut-bonhausen.de\/wp-content\/uploads\/2016\/11\/morgenstimmung.jpg\" class=\"rollover rollover-zoom dt-mfp-item mfp-image layzr-bg\" title=\"morgenstimmung\" data-dt-img-description=\"\" ><img class=\"lazy-load preload-me\" src=\"data:image\/svg+xml;charset=utf-8,%3Csvg xmlns%3D'http%3A%2F%2Fwww.w3.org%2F2000%2Fsvg' viewBox%3D'0 0 540 342'%2F%3E\" data-src=\"https:\/\/www.obstgut-bonhausen.de\/wp-content\/uploads\/2016\/11\/morgenstimmung-540x342.jpg\" data-srcset=\"https:\/\/www.obstgut-bonhausen.de\/wp-content\/uploads\/2016\/11\/morgenstimmung-540x342.jpg 540w, https:\/\/www.obstgut-bonhausen.de\/wp-content\/uploads\/2016\/11\/morgenstimmung-813x514.jpg 813w\" alt=\"\" width=\"540\" height=\"342\"  \/><\/a>\t<\/figure>\n<\/article>\n\n<\/li><li class=\"fs-entry\">\n<article class=\"post post-535 attachment type-attachment status-inherit hentry no-img description-off\">\n\n\t<figure class=\"rollover-project links-hovers-disabled\">\n\t<a href=\"https:\/\/www.obstgut-bonhausen.de\/wp-content\/uploads\/2016\/11\/plantage.jpg\" class=\"rollover rollover-zoom dt-mfp-item mfp-image layzr-bg\" title=\"plantage\" data-dt-img-description=\"\" ><img class=\"lazy-load preload-me\" src=\"data:image\/svg+xml;charset=utf-8,%3Csvg xmlns%3D'http%3A%2F%2Fwww.w3.org%2F2000%2Fsvg' viewBox%3D'0 0 540 342'%2F%3E\" data-src=\"https:\/\/www.obstgut-bonhausen.de\/wp-content\/uploads\/2016\/11\/plantage-540x342.jpg\" data-srcset=\"https:\/\/www.obstgut-bonhausen.de\/wp-content\/uploads\/2016\/11\/plantage-540x342.jpg 540w, https:\/\/www.obstgut-bonhausen.de\/wp-content\/uploads\/2016\/11\/plantage-813x514.jpg 813w\" alt=\"\" width=\"540\" height=\"342\"  \/><\/a>\t<\/figure>\n<\/article>\n\n<\/li><li class=\"fs-entry\">\n<article class=\"post post-536 attachment type-attachment status-inherit hentry no-img description-off\">\n\n\t<figure class=\"rollover-project links-hovers-disabled\">\n\t<a href=\"https:\/\/www.obstgut-bonhausen.de\/wp-content\/uploads\/2016\/11\/plantage2.jpg\" class=\"rollover rollover-zoom dt-mfp-item mfp-image layzr-bg\" title=\"plantage2\" data-dt-img-description=\"\" ><img class=\"lazy-load preload-me\" src=\"data:image\/svg+xml;charset=utf-8,%3Csvg xmlns%3D'http%3A%2F%2Fwww.w3.org%2F2000%2Fsvg' viewBox%3D'0 0 540 342'%2F%3E\" data-src=\"https:\/\/www.obstgut-bonhausen.de\/wp-content\/uploads\/2016\/11\/plantage2-540x342.jpg\" data-srcset=\"https:\/\/www.obstgut-bonhausen.de\/wp-content\/uploads\/2016\/11\/plantage2-540x342.jpg 540w, https:\/\/www.obstgut-bonhausen.de\/wp-content\/uploads\/2016\/11\/plantage2-813x514.jpg 813w\" alt=\"\" width=\"540\" height=\"342\"  \/><\/a>\t<\/figure>\n<\/article>\n\n<\/li><li class=\"fs-entry\">\n<article class=\"post post-538 attachment type-attachment status-inherit hentry no-img description-off\">\n\n\t<figure class=\"rollover-project links-hovers-disabled\">\n\t<a href=\"https:\/\/www.obstgut-bonhausen.de\/wp-content\/uploads\/2016\/11\/teich.jpg\" class=\"rollover rollover-zoom dt-mfp-item mfp-image layzr-bg\" title=\"teich\" data-dt-img-description=\"\" ><img class=\"lazy-load preload-me\" src=\"data:image\/svg+xml;charset=utf-8,%3Csvg xmlns%3D'http%3A%2F%2Fwww.w3.org%2F2000%2Fsvg' viewBox%3D'0 0 540 342'%2F%3E\" data-src=\"https:\/\/www.obstgut-bonhausen.de\/wp-content\/uploads\/2016\/11\/teich-540x342.jpg\" data-srcset=\"https:\/\/www.obstgut-bonhausen.de\/wp-content\/uploads\/2016\/11\/teich-540x342.jpg 540w, https:\/\/www.obstgut-bonhausen.de\/wp-content\/uploads\/2016\/11\/teich-813x514.jpg 813w\" alt=\"\" width=\"540\" height=\"342\"  \/><\/a>\t<\/figure>\n<\/article>\n\n<\/li><li class=\"fs-entry\">\n<article class=\"post post-539 attachment type-attachment status-inherit hentry no-img description-off\">\n\n\t<figure class=\"rollover-project links-hovers-disabled\">\n\t<a href=\"https:\/\/www.obstgut-bonhausen.de\/wp-content\/uploads\/2016\/11\/tracktoren.jpg\" class=\"rollover rollover-zoom dt-mfp-item mfp-image layzr-bg\" title=\"tracktoren\" data-dt-img-description=\"\" ><img class=\"lazy-load preload-me\" src=\"data:image\/svg+xml;charset=utf-8,%3Csvg xmlns%3D'http%3A%2F%2Fwww.w3.org%2F2000%2Fsvg' viewBox%3D'0 0 540 342'%2F%3E\" data-src=\"https:\/\/www.obstgut-bonhausen.de\/wp-content\/uploads\/2016\/11\/tracktoren-540x342.jpg\" data-srcset=\"https:\/\/www.obstgut-bonhausen.de\/wp-content\/uploads\/2016\/11\/tracktoren-540x342.jpg 540w, https:\/\/www.obstgut-bonhausen.de\/wp-content\/uploads\/2016\/11\/tracktoren-813x514.jpg 813w\" alt=\"\" width=\"540\" height=\"342\"  \/><\/a>\t<\/figure>\n<\/article>\n\n<\/li><li class=\"fs-entry\">\n<article class=\"post post-682 attachment type-attachment status-inherit hentry no-img description-off\">\n\n\t<figure class=\"rollover-project links-hovers-disabled\">\n\t<a href=\"https:\/\/www.obstgut-bonhausen.de\/wp-content\/uploads\/2016\/11\/joachim2.jpg\" class=\"rollover rollover-zoom dt-mfp-item mfp-image layzr-bg\" title=\"joachim2\" data-dt-img-description=\"\" ><img class=\"lazy-load preload-me\" src=\"data:image\/svg+xml;charset=utf-8,%3Csvg xmlns%3D'http%3A%2F%2Fwww.w3.org%2F2000%2Fsvg' viewBox%3D'0 0 540 342'%2F%3E\" data-src=\"https:\/\/www.obstgut-bonhausen.de\/wp-content\/uploads\/2016\/11\/joachim2-540x342.jpg\" data-srcset=\"https:\/\/www.obstgut-bonhausen.de\/wp-content\/uploads\/2016\/11\/joachim2-540x342.jpg 540w, https:\/\/www.obstgut-bonhausen.de\/wp-content\/uploads\/2016\/11\/joachim2-813x514.jpg 813w\" alt=\"\" width=\"540\" height=\"342\"  \/><\/a>\t<\/figure>\n<\/article>\n\n<\/li><\/ul><\/div><div class=\"prev\"><i><\/i><\/div><div class=\"next\"><i><\/i><\/div><\/div>[\/vc_column][vc_column width=&#8220;1\/2&#8243; css=&#8220;.vc_custom_1480454734426{padding-right: 60px !important;}&#8220;][vc_custom_heading text=&#8220;Das Bio-Obstgut Bonhausen liegt umgeben von Wiesen und W\u00e4ldern nahe Ravensburg in der durch Obstbau gepr\u00e4gten Bodenseeregion.&#8220; use_theme_fonts=&#8220;yes&#8220; css=&#8220;.vc_custom_1487620901373{margin-bottom: 40px !important;}&#8220;][vc_column_text]<\/p>\n<p class=\"p1\"><span class=\"s1\">Auf ca. 40 ha Anbaufl\u00e4che werden hier \u00c4pfel biologisch angebaut.<\/span><\/p>\n<p class=\"p1\"><span class=\"s1\">1934 erwarb Hermann Holland den Betrieb mit ca. 14 ha Fl\u00e4che, der haupts\u00e4chlich als Milchviehbetrieb gef\u00fchrt wurde. Hermann Holland legte, als einer der ersten Landwirte in dieser Region, gr\u00f6\u00dfere Obstbaufl\u00e4chen an. <\/span><\/p>\n<p class=\"p1\"><span class=\"s1\">Nachdem im Jahr 1968 der Hof infolge eines Blitzeinschlages fast v\u00f6llig abbrannte, wurden keine Stallungen mehr errichtet und das Gut Bonhausen komplett auf Obstanbau umgestellt. <\/span><\/p>\n<p class=\"p1\">Eberhard Holland \u00fcbernahm, nach der Hochzeit mit Gertraud Holland, 1969 den Betrieb und weitete die Obstfl\u00e4chen stetig aus.<\/p>\n<p class=\"p1\"><span class=\"s1\">Ab 1987 wurden die ersten Fl\u00e4chen biologisch bewirtschaftet und <\/span><span class=\"s1\">seit 1995 ist der gesamte Obstbaubetrieb auf<span class=\"Apple-converted-space\">\u00a0 <\/span>biologische Anbauweise umgestellt.<\/span><\/p>\n<h4 class=\"p1\"><\/h4>\n<p>[\/vc_column_text][\/vc_column][\/vc_row][vc_row][vc_column width=&#8220;1\/2&#8243;][vc_single_image image=&#8220;674&#8243; img_size=&#8220;350&#215;233&#8243; alignment=&#8220;right&#8220; css=&#8220;.vc_custom_1491335249375{margin-top: 10px !important;}&#8220;][vc_column_text css=&#8220;.vc_custom_1491335145686{margin-top: -20px !important;}&#8220;]<\/p>\n<p style=\"text-align: right;\">Rainer Holland \u2020\u00a0verstorben am 24.07.2010<\/p>\n<p>[\/vc_column_text][\/vc_column][vc_column width=&#8220;1\/2&#8243; css=&#8220;.vc_custom_1480454734426{padding-right: 60px !important;}&#8220;][vc_column_text]<\/p>\n<h4 class=\"p1\">Gr\u00fcndung der E. und M. Holland GbR<\/h4>\n<p class=\"p1\"><span class=\"s1\">Im Jahr 2000 wurde mit der Tochter Margit Holland die<br \/>\n<\/span><span class=\"s1\">E. und M. Holland GbR gegr\u00fcndet.<\/span><\/p>\n<p>Nach der Hochzeit mit Rainer Holland (geb. Heinrich) kamen die Kinder Luca (2005), Maximilian (2007) und Annika (2009) zur Welt. Schon 2010 verstarb Rainer Holland, mit nur 40 Jahren, unschuldig bei einem schweren Verkehrsunfall.<\/p>\n<p class=\"p1\">2016 \u00fcbernahm unser langj\u00e4hriger Mitarbeiter Joachim Henne die Position als Verwalter.<\/p>\n<p class=\"p1\"><span class=\"s1\">Das Bio-Obstgut Bonhausen wirtschaftet nach den Richtlinien des Naturlandverbandes. <\/span><\/p>\n<p class=\"p1\"><span class=\"s1\">Seit M\u00e4rz 2006 ist der Betrieb QS und EUREPGAP zertifiziert.<\/span><\/p>\n<p class=\"p1\"><span class=\"s1\">Durch bewusste Energiearbeit werden am Hof in Zukunft neue Schwerpunkte entstehen.<\/span><\/p>\n<p>[\/vc_column_text]<div class=\" vc_custom_1491506579900 ubtn-ctn-left \"><a class=\"ubtn-link ult-adjust-bottom-margin ubtn-left ubtn-normal \" href = \"http:\/\/www.obstgut-bonhausen.de\/obstbau\/anbau-und-sortierung\" target='' ><button type=\"button\" id=\"ubtn-6063\" class=\"ubtn ult-adjust-bottom-margin ult-responsive ubtn-normal ubtn-fade-bg  ulta-hover  ubtn-sep-icon ubtn-sep-icon-at-right  ubtn-left   tooltip-69d5ca0875721\"  data-hover=\"#dd3333\" data-border-color=\"\" data-bg=\"#ffffff\" data-hover-bg=\"rgba(255,255,255,0.58)\" data-border-hover=\"\" data-shadow-hover=\"\" data-shadow-click=\"none\" data-shadow=\"\" data-shd-shadow=\"\"  data-ultimate-target='#ubtn-6063'  data-responsive-json-new='{\"font-size\":\"desktop:22px;\",\"line-height\":\"desktop:20px;\"}'  style=\"font-family:'Cormorant Garamond';font-style:italic;font-weight:500;border:none;background: #ffffff;color: #c65948;\"><span class=\"ubtn-data ubtn-icon\"><i class=\"Defaults-angle-right\" style=\"font-size:15px;color:#dd3333;\"><\/i><\/span><span class=\"ubtn-hover\" style=\"background-color:rgba(255,255,255,0.58)\"><\/span><span class=\"ubtn-data ubtn-text \" >Das Geheimnis des Anbaus<\/span><\/button><\/a><\/div>[\/vc_column][\/vc_row][vc_row][vc_column][vc_single_image image=&#8220;134&#8243; img_size=&#8220;full&#8220;][vc_column_text css=&#8220;.vc_custom_1480454712683{margin-top: 30px !important;margin-bottom: 50px !important;}&#8220;]<\/p>\n<h5 style=\"text-align: center;\"><span style=\"color: #ffcc00;\">\u00bb<\/span><strong><span style=\"color: #ffcc00;\">\u00a0<\/span><\/strong>Wo wir uns verstanden wissen, da sind wir zuhause.<\/h5>\n<p style=\"text-align: center;\">John O\u2019Donohue<\/p>\n<p>[\/vc_column_text][vc_single_image image=&#8220;508&#8243; img_size=&#8220;large&#8220; css=&#8220;.vc_custom_1488841932715{padding-bottom: 50px !important;}&#8220;][\/vc_column][\/vc_row][vc_row type=&#8220;vc_default&#8220; full_width=&#8220;stretch_row_content_no_spaces&#8220; margin_top=&#8220;50px&#8220; full_width_row=&#8220;true&#8220;][vc_column]<div class=\"ult-content-box-container \" >\t\t<div class=\"ult-content-box\" style=\"background-image:url('https:\/\/www.obstgut-bonhausen.de\/wp-content\/uploads\/2016\/10\/footer-trenner-1-1024x121.jpg');background-size: contain;background-repeat: no-repeat;background-position: top;background-color: rgba(0, 0, 0, 0);box-shadow: 1px 1px 3px 3px #efefef none;padding-top:70px;-webkit-transition: all 700ms ease;-moz-transition: all 700ms ease;-ms-transition: all 700ms ease;-o-transition: all 700ms ease;transition: all 700ms ease;\"  data-hover_box_shadow=\"none\"    >[vc_row_inner css=&#8220;.vc_custom_1480454850931{margin-right: 0px !important;margin-left: 0px !important;border-right-width: 0px !important;border-left-width: 0px !important;padding-top: 50px !important;padding-right: 0px !important;padding-bottom: 50px !important;padding-left: 0px !important;background-color: #fff5da !important;}&#8220;][vc_column_inner width=&#8220;1\/3&#8243;][\/vc_column_inner][vc_column_inner width=&#8220;1\/3&#8243;][vc_column_text css=&#8220;.vc_custom_1491507476408{margin-bottom: 50px !important;}&#8220; el_class=&#8220;footer_nav&#8220;]<\/p>\n<p style=\"text-align: center;\"><a href=\"http:\/\/obstgut-bonhausen.de\/impressum\">Impressum<\/a> \u00a0 \u00a0 \u00a0 <a href=\"http:\/\/obstgut-bonhausen.de\/datenschutzerklaerung\">Datenschutzerkl\u00e4rung<\/a> \u00a0 \u00a0 \u00a0 <a href=\"http:\/\/obstgut-bonhausen.de\/kontakt\">Kontakt<\/a><\/p>\n<p style=\"text-align: center;\">\u00a9 2017 Obstgut Bonhausen<\/p>\n<p>[\/vc_column_text][vc_single_image image=&#8220;158&#8243; img_size=&#8220;&#8220; alignment=&#8220;center&#8220;][\/vc_column_inner][vc_column_inner width=&#8220;1\/3&#8243;][vc_single_image image=&#8220;170&#8243;][\/vc_column_inner][\/vc_row_inner]\t\t<\/div><\/div>[\/vc_column][\/vc_row]<\/p>\n","protected":false},"excerpt":{"rendered":"<p>[vc_row][vc_column width=&#8220;1\/2&#8243;][vc_custom_heading text=&#8220;Ein Bio-Obstgut im sch\u00f6nen Bonhausen&#8220; font_container=&#8220;tag:h1|text_align:right&#8220; use_theme_fonts=&#8220;yes&#8220; css=&#8220;.vc_custom_1491332021354{padding-bottom: 80px !important;padding-left: 100px !important;}&#8220;][\/vc_column][vc_column width=&#8220;1\/2&#8243; css=&#8220;.vc_custom_1480454734426{padding-right: 60px !important;}&#8220;][vc_custom_heading text=&#8220;Das Bio-Obstgut Bonhausen liegt umgeben von Wiesen und W\u00e4ldern nahe Ravensburg in der durch Obstbau gepr\u00e4gten Bodenseeregion.&#8220; use_theme_fonts=&#8220;yes&#8220; css=&#8220;.vc_custom_1487620901373{margin-bottom: 40px !important;}&#8220;][vc_column_text] Auf ca. 40 ha Anbaufl\u00e4che werden hier \u00c4pfel biologisch angebaut. 1934 erwarb Hermann Holland den Betrieb&hellip;<\/p>\n","protected":false},"author":1,"featured_media":0,"parent":0,"menu_order":0,"comment_status":"closed","ping_status":"closed","template":"","meta":{"_monsterinsights_skip_tracking":false,"_monsterinsights_sitenote_active":false,"_monsterinsights_sitenote_note":"","_monsterinsights_sitenote_category":0},"_links":{"self":[{"href":"https:\/\/www.obstgut-bonhausen.de\/index.php?rest_route=\/wp\/v2\/pages\/25"}],"collection":[{"href":"https:\/\/www.obstgut-bonhausen.de\/index.php?rest_route=\/wp\/v2\/pages"}],"about":[{"href":"https:\/\/www.obstgut-bonhausen.de\/index.php?rest_route=\/wp\/v2\/types\/page"}],"author":[{"embeddable":true,"href":"https:\/\/www.obstgut-bonhausen.de\/index.php?rest_route=\/wp\/v2\/users\/1"}],"replies":[{"embeddable":true,"href":"https:\/\/www.obstgut-bonhausen.de\/index.php?rest_route=%2Fwp%2Fv2%2Fcomments&post=25"}],"version-history":[{"count":88,"href":"https:\/\/www.obstgut-bonhausen.de\/index.php?rest_route=\/wp\/v2\/pages\/25\/revisions"}],"predecessor-version":[{"id":766,"href":"https:\/\/www.obstgut-bonhausen.de\/index.php?rest_route=\/wp\/v2\/pages\/25\/revisions\/766"}],"wp:attachment":[{"href":"https:\/\/www.obstgut-bonhausen.de\/index.php?rest_route=%2Fwp%2Fv2%2Fmedia&parent=25"}],"curies":[{"name":"wp","href":"https:\/\/api.w.org\/{rel}","templated":true}]}}